 and y.
13
Suppose -5*r - 1430 = -18*r. Let b = 16 - 6. Calculate the highest common divisor of r and b.
10
Suppose 131*h - 121*h - 2900 = 0. Calculate the highest common factor of h and 522.
58
Suppose -13*k = -19*k + 312. Suppose 0*n - 33 = -n + 5*w, 4*w + 16 = 0. Suppose 2*p - n = 13. What is the highest common factor of k and p?
13
Suppose -2*q + 4*q = -5*y - 23, -2*y - 15 = -5*q. Let o be 2/((1/q)/30). Calculate the highest common divisor of o and 30.
30
Let r = -3 - -6. Suppose -v - 3 = -u - u, -5*v = -u - 3. Suppose -h - u*k + 14 = 0, 4*h - 5*k - 56 = -r*k. What is the greatest common factor of 126 and h?
14
Let d be 2/7 - (4 - (-362)/(-7)). What is the greatest common factor of d and 1632?
48
Suppose 52*u - 2846 = -38. Calculate the greatest common divisor of 90 and u.
18
Let h be 57/9 - (-4)/(-3). Suppose h*f = -2*b + 12, 4*f + b = -f + 11. Calculate the greatest common factor of f and 1.
1
Let d(g) = -2*g + g**3 + g + 2 - 6*g + 5*g - g**2. Let z be d(2). Let b be 8 - (3 + (3 - z)). What is the highest common factor of b and 36?
4
Suppose -5*q + 29 = 9. Suppose -5*p + 35 = 5*u, -u = 3*p - q*u + 9. Suppose -p*g + 383 = j, g - 2*j - 184 = -j. What is the highest common factor of g and 27?
27
Suppose 0 = 4*z - 2*p - 18, -4*z + 0*p - 3*p + 13 = 0. Let t = 5 + z. Let h = -3 + t. Calculate the greatest common divisor of h and 3.
3
Suppose -o + 3*l + 10 - 1 = 0, -5*l = -2*o + 23. Let a(w) = -w**2 - 49*w - 288. Let i be a(-42). What is the highest common factor of o and i?
6
Let s(m) = m**3 - 3*m**2 + 7*m - 17. Let h be s(6). What is the highest common divisor of 19 and h?
19
Let z(q) = 38*q - 15. Let w be z(5). What is the highest common factor of 75 and w?
25
Let p(c) = -c + 8. Let g be p(6). Suppose -g*u - u + 62 = 5*t, -3*u + 112 = -5*t. Calculate the greatest common divisor of 87 and u.
29
Let r(y) = -y**2 + 4*y - 5. Let l be r(4). Suppose 3*a - 47 = -5*v, -61 = -3*a + 2*v - 0*v. Let z = a + l. What is the highest common divisor of 14 and z?
14
Let b be -2 + (12 - 0) + -2. Suppose 60 = 8*m - 5*m. Let q be (-5)/2*m/(-50). What is the greatest common factor of q and b?
1
Let o(s) = s + 35. Let w be o(0). Suppose 2*c - w - 12 = 5*n, -5*c + 65 = -2*n. Suppose -3*a + c = 2. What is the greatest common factor of a and 2?
1
Let d = -656 + 667. Suppose -w = -5*r + 7, 2*w + 2 = -r + 5*r. Suppose w*l = o - 58, -2*o + 2*l - 163 = -5*o. Calculate the highest common factor of d and o.
11
Suppose 17*j = 12*j + 265. Suppose -3 - j = -u. What is the greatest common factor of u and 28?
28
Let y = 2236 - 1570. What is the highest common factor of y and 18?
18
Let d = 60 + 100. Suppose 4*c = 4*s + d, -c + s = -2*s - 30. What is the highest common divisor of 27 and c?
9
Suppose -4*l = 5*d - 68, -5*l - 3*d + 7*d + 44 = 0. What is the highest common divisor of l and 156?
12
Let d be ((-24)/18 - -1)/((-2)/96). Calculate the highest common factor of 104 and d.
8
Let u(c) = 4*c + 84. Let b be u(-8). What is the greatest common factor of b and 117?
13
Let z(h) = h**3 - 5*h**2 + 5*h + 4. Suppose -5*f = -4*f - 6. Let t be z(f). Calculate the greatest common divisor of 10 and t.
10
Let q(l) = -l**2 - 19*l - 26. Let s be q(-18). Let a be (s/10)/((-1)/5). What is the highest common factor of 16 and a?
4
Let v = 1361 - -160. What is the highest common factor of v and 117?
117
Suppose 5*n + 3*r - 510 = 2*n, 4*r + 805 = 5*n. Let t = 37 - 22. Calculate the highest common divisor of t and n.
15
Let a = -13 - -18. Suppose a*j - x = 38, -17 + 3 = -j - 3*x. What is the highest common divisor of j and 40?
8
Let y = -3 + 15. Let n = y + 0. What is the greatest common divisor of n and 12?
12
Suppose 0 = 3*f - 5*b - 5, 2*f - 4 = 2*b + 6. Calculate the greatest common divisor of f and 160.
10
Suppose -94 = -5*o - 3*c + 186, 0 = 2*c. Calculate the highest common factor of 616 and o.
56
Suppose -4*d - 4 = -32. Suppose 10*v = d*v. Let j = v - -32. What is the greatest common factor of 8 and j?
8
Suppose -4*d + 398 = -930. Let q = d - 222. What is the greatest common factor of q and 10?
10
Suppose 195 = 14*m - 309. Calculate the highest common divisor of 8 and m.
4
Suppose 4*a = 4*p + 664, -8*a + 709 = -4*a + 5*p. What is the greatest common divisor of a and 95?
19
Let q be 0 + 23/2*2. Let l = 15096 - 14843. What is the highest common factor of l and q?
23
Suppose -4*j + 5 = l - 143, 2*l + 3*j = 286. What is the highest common divisor of l and 40?
20
Let n(x) = 6*x - 13. Let y be n(4). Let s(a) = -a**3 + 10*a**2 + 11*a + 4. Let u be s(y). Calculate the greatest common factor of 32 and u.
4
Suppose 100 = p + 4*g, p - 400 = -3*p + 5*g. What is the highest common factor of 8 and p?
4
Suppose 5*k = -16*d + 11*d + 350, 2*k = 4. Calculate the highest common factor of d and 68.
68
Let m = -317 + 345. Calculate the greatest common divisor of m and 56.
28
Suppose s + 29 = 5*s + 5*f, 26 = s - 5*f. Suppose -3*z + 2*z = -s. What is the greatest common divisor of 1 and z?
1
Suppose 8*j - 407 = -3*j. Let n = j - 6. What is the highest common factor of 62 and n?
31
Suppose -23*r + 2652 = -6*r. What is the highest common factor of 39 and r?
39
Let t(f) = 50*f**2 + 11*f + 2. Let l(w) = 17*w**2 + 4*w + 1. Let q(i) = -8*l(i) + 3*t(i). Let c be q(2). What is the greatest common divisor of c and 8?
8
Let p = 0 - 9. Let y be (-1 + -3)*(180/8)/p. What is the greatest common divisor of y and 90?
10
Suppose 0 = 3*x - x - 3*u - 3, -5 = 2*x + 5*u. Suppose -v + 3*r = -16, 4*r - 1 + 9 = x. What is the greatest common divisor of v and 40?
10
Let m be 68/(-4) + 2/(-1). Let b = m - -35. What is the highest common divisor of 16 and b?
16
Let z be 4/8 - (-273)/(-6). Let v be 2/8 - z/12. Suppose -2*i + 88 = v*j - 0*i, i = -j + 20. Calculate the greatest common factor of j and 3.
3
Let o be (10 - 16)*(-9)/2. Suppose 6*l - 6 = 48. Calculate the greatest common divisor of o and l.
9
Let y = 1411 - 745. What is the greatest common factor of y and 111?
111
Suppose -10*o = 8*o - 3960. Let c = o - 124. What is the greatest common divisor of 4 and c?
4
Let s be -9 + 18 + 17 + -7. What is the highest common factor of 38 and s?
19
Let b(h) = 637*h**2 - 2*h - 1. Let x be b(-1). What is the highest common factor of x and 58?
58
Suppose 0 = 2*r + 2, 0 = 5*o - 4*r - 84. Suppose 5*t - 57 = 4*a + 50, t + a = o. What is the greatest common factor of t and 57?
19
Let g be (-77)/(-11) - 1*-3. Suppose 0 = -6*t + 5*t + g. Let r(d) = d**3 - 5*d**2 + 1. Let c be r(5). What is the highest common divisor of c and t?
1
Let c = 139 - 64. Suppose -12*k = -17*k + c. Suppose 0 = -5*y - f + 45, -3*y + 55 = y - 3*f. Calculate the highest common divisor of k and y.
5
Let z(b) = -3*b + 9. Let q be z(7). Let k(t) = -15*t - 19*t**2 - 16 - t**3 + 0 + 6*t**2 + 4. Let y be k(q). What is the highest common factor of 8 and y?
8
Suppose 5*j = 8*j - 162. Suppose 5*a - j = 4*a. Let s(v) = 4*v**2 + 2. Let l be s(2). What is the highest common factor of l and a?
18
Suppose -5*b = 3*t - 199, -4*b + 35 = 4*t - 121. Calculate the greatest common divisor of b and 41.
41
Suppose i + 0*y = y - 24, 0 = -4*i - y - 111. Let r = i + 54. Suppose 1501 = 5*c + 4*p, 7*c + 2*p = 4*c + 899. What is the greatest common factor of c and r?
27
Let p be 1 + 0/3 - -9. Let q(w) = -w**3 - 2*w**2 + 2*w + 2. Suppose 2*m + 13 = 7. Let r be q(m). What is the greatest common divisor of r and p?
5
Let o(t) = 419*t - 1259. Let q be o(14). What is the greatest common divisor of 17 and q?
17
Let t(d) = 23*d - 171. Let l be t(9). Calculate the highest common factor of l and 9.
9
Let w = -440 + 472. Calculate the highest common divisor of 28 and w.
4
Suppose 2*x = 7*x + 45. Let n be (-39)/x - 1/6*2. Calculate the greatest common factor of 12 and n.
4
Let n(g) = 3*g - 12. Let a be n(10). Suppose t + r = 8 + a, 2*r = -2. Calculate the greatest common factor of 297 and t.
27
Let l be 3 - -5 - (-7)/((-14)/(-4)). What is the highest common factor of 3 and l?
1
Let c be 4/(-3)*(-3)/2*2. Let i be -11*(c - -1 - 7). What is the highest common factor of i and 77?
11
Let j(t) = t**3 - 12*t**2 + 24*t + 44. Let a be j(9). Calculate the highest common divisor of a and 799.
17
Suppose -3*b = -13 - 41. Suppose b + 29 = 5*d - 3*r, 4*r + 46 = 5*d. What is the highest common factor of d and 50?
10
Let b = -88 + 